
16
Suppose -t - 8 = -3*s - 0*s, -5*t = s - 8. Suppose -5*m - 20 = 0, c - 7 - 29 = s*m. Calculate the greatest common factor of c and 36.
12
Let w(t) = t**3 - 2*t**2 + 4*t - 3. Let i be w(5). Calculate the highest common factor of i and 161.
23
Suppose 1040 = 16*b - 3*b. Calculate the highest common factor of 15 and b.
5
Let k = -1236 + 1247. Calculate the highest common factor of 143 and k.
11
Let v be (26 + 2)/((-1)/(-2)). Let s be 0 - (1 - -1) - 7. Let b(l) = -l**3 - 8*l**2 + 8*l - 2. Let w be b(s). What is the greatest common divisor of w and v?
7
Let v(d) = -5*d**2 - 1. Let f be v(-1). Let p be (-4 - f) + -168 + 0. Let i = -115 - p. What is the highest common divisor of i and 34?
17
Let o(g) = -3*g**3 + g**2 - 3*g + 1. Let k be o(-3). Let b = 2184 - 2164. Calculate the highest common factor of b and k.
20
Let i = -53 - -124. What is the greatest common factor of 426 and i?
71
Let p be (-18 - -3)/(-4 + 3). Let d(b) = 3*b - 2. Let o be d(4). What is the greatest common factor of p and o?
5
Suppose -5 = 2*a + 3*a. Let f = 234 - 237. Let g be 30*a/(f/1). Calculate the greatest common divisor of g and 70.
10
Let q(y) = -1487*y - 2. Let f be q(-1). Suppose -13*v + f - 29 = 0. Let o be 1/(-1) + 0 + 15. What is the highest common divisor of o and v?
14
Let o be (-3)/(-2) + 5/10. Let z be 9 - ((-4)/4 + o). Suppose 3*y - 70 = z. What is the greatest common factor of y and 182?
26
Suppose 0 = -3*p + 4*w + 73, -p + 3*w = -0*w - 16. Calculate the greatest common factor of p and 62.
31
Let n = 1988 - 1876. Calculate the greatest common factor of n and 1736.
56
Let c(t) = -2*t**2 + 27*t + 51. Let v be c(15). Calculate the greatest common divisor of v and 30.
6
Let c(s) = -s**3 + 2*s**2 - s + 3. Let p be c(2). Let b be (161/14)/(p/6). Calculate the greatest common factor of 23 and b.
23
Let b(y) = 5*y - 8*y + 2*y + 7. Let d be b(6). Let v be 15*((-56)/(-10) + d). Calculate the greatest common divisor of 11 and v.
11
Let d = 116 + -43. Calculate the greatest common factor of 657 and d.
73
Let n be 3/2*4/(-24)*-536. Calculate the highest common factor of 2 and n.
2
Let w(p) = -4*p**2 + 6*p**2 + 5 + 4*p + 3*p**2 + 2*p. Let c be w(-4). Let o = -37 + c. What is the greatest common factor of 216 and o?
24
Suppose -6*g = -9*g + 45. Suppose -5*m + 67 = 4*l, -11 = -4*l + 1. Let t = m + 4. Calculate the greatest common factor of g and t.
15
Let q = -237 - -1186. What is the highest common divisor of q and 26?
13
Suppose -4*w + 135 = 4*l + w, 4*l - 5*w = 105. Suppose -y - y = l. Let o = 12 - y. What is the greatest common divisor of o and 9?
9
Let b(r) = 2*r**3 - 35*r**2 - 18*r + 3. Let z be b(18). Calculate the highest common factor of 96 and z.
3
Suppose -6*m + 63 = 45. Calculate the highest common divisor of m and 129.
3
Suppose 67*i + 72*i + 120 = 151*i. Let w be 4/1*40/2. What is the greatest common factor of i and w?
10
Let y be (-12876)/(-14) + 3/(21/2). Let o = y + -656. What is the highest common factor of o and 33?
33
Suppose 149*j = 143*j + 204. What is the highest common divisor of j and 153?
17
Suppose -2*a + 116*r + 338 = 120*r, 851 = 5*a + 4*r. Suppose -4*w + 5 + 13 = 2*g, 3*w + 72 = 3*g. What is the highest common divisor of a and g?
19
Let n be -2 + 8/5 - (1270/(-25))/2. Let f be 10/(-3)*(-2 - 1). What is the highest common factor of f and n?
5
Let p(u) = 2*u**2 + 160. Let w be p(0). Suppose 17*q = 18*q - w. What is the greatest common factor of 20 and q?
20
Let z = -21 + 26. Calculate the greatest common divisor of z and 535.
5
Let h = 1542 - 1347. What is the highest common factor of h and 45?
15
Let p(x) = -x**3 - 10*x**2 - x - 6. Let o be p(-10). What is the highest common divisor of o and 100?
4
Let a be (-8)/(-48)*-16*-3. Let b be (-1 + 0)/(1 + -2). What is the greatest common divisor of b and a?
1
Let y(a) = a - 5. Let g be y(6). Suppose 2*p - 55 = 7*p. Let s = p - -13. What is the highest common divisor of g and s?
1
Let a(g) = -2*g - 4. Let n be a(-13). Let s = -3 + n. Let h = 23 + -4. What is the greatest common divisor of s and h?
19
Let t be 12825/18 - 27/6. What is the highest common factor of t and 12?
12
Suppose -73*h + 77*h + 3*q - 937 = 0, 0 = -3*q - 15. What is the greatest common factor of 28 and h?
14
Suppose 1953*i - 1386 = 1947*i. What is the greatest common divisor of i and 3?
3
Let y(u) = u**3 + 16*u**2 + 12*u - 24. Let t be y(-15). What is the highest common divisor of 42 and t?
21
Let k(g) = 4*g**2 - 21*g + 1. Let v be k(6). Suppose -5*d = 2*l - v, 5*l + 10 = 2*d - 3*d. Calculate the greatest common factor of d and 1.
1
Let y(h) = -2*h + 1 - 14 + 8 - h**2. Let f be y(-5). Let u = 44 + f. Calculate the greatest common factor of u and 16.
8
Let q(z) = -50*z - 17. Let o be q(-2). What is the highest common factor of 1577 and o?
83
Suppose -9*o - 2458 = -6238. What is the highest common divisor of o and 168?
84
Suppose 0 = -n - 1 + 4. Suppose -4*j - n = -15. Suppose -7*k + j*k = 5*l - 1, 2*k - 17 = 3*l. What is the highest common factor of k and 20?
4
Let x = 113 - 78. Let j = x - 19. What is the highest common divisor of j and 24?
8
Let u be (2/1 - 1)*33*6. What is the greatest common factor of 36 and u?
18
Let b(t) = -t**2 + 3*t + 4. Let a be b(4). Suppose a = 2*h - 5*h + 405. Suppose 2*g = j - 15, 4*j = -g - 38 + 98. What is the greatest common factor of h and j?
15
Let y = 11 - -6. Let w = -302 - -489. What is the greatest common factor of y and w?
17
Let g(u) = 6*u**2 - u + 7. Suppose 0 = -a + 2, 3*m - 25 = 8*m - 5*a. Let l be g(m). Calculate the greatest common divisor of 8 and l.
8
Let w be 1700/22 + (-66)/242 - 0. What is the highest common factor of 77 and w?
77
Let v(u) = 3*u**3 + 5*u**2 - 8*u + 4. Let c be v(2). Suppose 37*r - 125 = c*r. Calculate the highest common divisor of 15 and r.
5
Let h be (-3)/(((-90)/(-24))/(-5)) - -9. Calculate the highest common factor of h and 637.
13
Let q be (-13 + 8)*(-14)/5. What is the highest common divisor of q and 350?
14
Let d = 5 - 3. Let l be (d/5)/(2/10). Let u = 135 - 113. Calculate the greatest common divisor of l and u.
2
Let i be (1 + 5/(-10) + -3)/((-4)/128). Let y = -10 - -56. Suppose 3*l = -6, -6*d + 3*l + y = -2*d. What is the highest common factor of d and i?
10
Suppose 3*q + q - 16 = 0. Let w be q/(-14) + 1280/70. Calculate the highest common divisor of w and 12.
6
Let c(r) = 2*r**2 + 83*r - 670. Let d be c(-50). Let t(w) = 10*w - 4. Let n be t(4). Calculate the greatest common divisor of n and d.
36
Suppose 0 = 7*b - 4*b - 18. What is the highest common factor of 6 and b?
6
Suppose -8 - 48 = -4*x. Suppose 3*z - 5*u = -55, 0*u = 5*z - u + 121. Let n = z - -27. What is the greatest common divisor of n and x?
2
Let j be (-18832)/(-99) - 2/9. Calculate the greatest common factor of 70 and j.
10
Let s(l) = -l**3 - 70*l**2 + 145*l + 75. Let m be s(-72). Let u = 3 - 2. Calculate the highest common factor of m and u.
1
Let x(h) = h**3 - 5*h**2 - 13*h - 2. Let j be x(8). Suppose 5*b - 159 = j. Let m = 19 - 12. Calculate the highest common factor of b and m.
7
Suppose -b - 18*o + 161 = -21*o, 567 = 4*b - o. Suppose -5*k + 142 = 2. Calculate the greatest common divisor of b and k.
28
Let w(q) = -q + 9. Let m be w(10). Let f = 6 + m. Suppose 3*k = -5*a + 10, 7 = 5*k + 2*a - 35. What is the highest common divisor of f and k?
5
Let p = 909 + -903. Calculate the highest common divisor of 5 and p.
1
Suppose -2*g + 4*x + 694 = 178, 0 = 4*x - 12. What is the greatest common factor of 11 and g?
11
Suppose -30 = -2*i - 6. Let l be 8*((-285)/i)/(-1). Suppose -3*w = g - 111, -g + 2*w = g - l. What is the highest common divisor of g and 9?
9
Let x be 5 - 128/(-2)*40/16. Calculate the highest common divisor of x and 220.
55
Suppose 0 = -38*s + 143 - 29. Suppose 70 = 2*a + 4. What is the greatest common divisor of s and a?
3
Let s(h) = -h. Let g(f) = 3*f - 52. Let t(d) = g(d) - 4*s(d). Let l be t(11). Calculate the greatest common factor of l and 25.
25
Suppose -5*w = 5*f - 55, 12 = -2*w + 3*f + 49. What is the highest common factor of 154 and w?
14
Suppose 5*v - 10*v - 375 = 0. Let i = v + 99. Calculate the greatest common divisor of 18 and i.
6
Let h(j) = -10*j - 78. Let z be h(-12). Calculate the greatest common divisor of 63 and z.
21
Let z = -158 - -112. Let f(l) = -14*l - 6. Le